rs of r/(-3 - -5) - -75.
2, 37
Suppose 4*i - 11155 = 5*o, -4*i = 4*o - 1273 - 9891. What are the prime factors of i?
2, 3, 5, 31
Let c = -12 - 3. Suppose 4*d - 40 = 3*d. Let j = d + c. What are the prime factors of j?
5
Suppose 3*o = 4*o - 9. Suppose o = -2*z - 4*k + 29, 3*z + 2*k - 14 = 0. Suppose 5*l - 33 = -2*b, -2*l + 11 + 7 = z*b. List the prime factors of l.
5
Suppose -l = 4*l - 2105. What are the prime factors of l?
421
Suppose -9*z + 9699 = -12342. List the prime factors of z.
31, 79
Let c = -29 - -20. Let z be 1*c/(-3) - 1. Suppose 0 = -4*y + 5*l - 8, 0*l = z*y - 2*l + 2. List the prime factors of y.
3
Suppose 197 = 5*q - 5203. List the prime factors of q.
2, 3, 5
Let x(u) = 2*u**2 + 12*u + 128. What are the prime factors of x(-7)?
2, 71
Suppose 653*v - 82422 = 635*v. What are the prime factors of v?
19, 241
Let h = 2206 - 499. List the prime factors of h.
3, 569
Let m(g) = g**3 + 6*g**2 - 3*g + 5. Let o(d) = d**3 + 6*d**2 - 3*d + 4. Let w(t) = 3*m(t) - 2*o(t). What are the prime factors of w(-6)?
5
Suppose 4*p + a + a = -16, p + 4*a = -4. Let v be 2/(4/((-688)/p)). Suppose -w = -2*d + v, -3*d - 3*w + w = -122. What are the prime factors of d?
2, 3, 7
Suppose -4*t + 5*x = -2*t - 549, 5*t - 1413 = -x. Suppose 0 = -3*f + 4*h + 257, -4*f + 4*h + 58 = -t. List the prime factors of f.
83
Let g(i) = i**2 - i + 363. Let q be g(0). Let k = 252 - q. Let v = k + 162. What are the prime factors of v?
3, 17
Let z = 18 - -634. List the prime factors of z.
2, 163
Let j = -400 - -1573. What are the prime factors of j?
3, 17, 23
Let p = 6 - 7. What are the prime factors of (0 + (p - -4))*178/3?
2, 89
Suppose -12*q - 134 = 502. Let z = 98 + q. List the prime factors of z.
3, 5
Let z be (-65)/(-2) + (-1)/2. Suppose 3*h - 2*l = -15 + 94, -h - 5*l = -z. List the prime factors of h.
3
Suppose 0 = 2*c - 4*f - 228, -5*c - 5*f + 241 + 254 = 0. Suppose -5*p = -4*b - 2 + 137, -3*b + p = -c. List the prime factors of b.
5, 7
Suppose -915 = 5*d - 5725. Let y(v) = -2*v + 29. Let j be y(-5). List the prime factors of (-2)/(-6) + d/j.
5
Let x(n) = -8 + 0 - 16*n + 11 + 0. List the prime factors of x(-10).
163
Let f(i) = i**3 + 12*i**2 - 15*i - 21. List the prime factors of f(-9).
3, 7, 17
Suppose -3*g - 2*g + 2035 = -x, 2*g - 836 = -4*x. Suppose b - g = -2*i, 20 = i - 4*b - 193. What are the prime factors of i?
5, 41
List the prime factors of 5019/4 + 87/348.
5, 251
Let v(f) = f**2 + 5*f - 18. Let k be v(7). List the prime factors of 5/(15/k) - 3.
19
What are the prime factors of 953 + -2*5/5 + 3?
2, 3, 53
Suppose 4*w + 6 + 2 = 0. Let b(h) = 41*h - 7. Let v be b(1). Let q = v - w. What are the prime factors of q?
2, 3
Let j(h) = -63*h**3 - 6*h**2 - h + 4. List the prime factors of j(-2).
2, 3
Suppose 2*c - 12 = 4*u, 2*u - 2*c + 5*c = -22. What are the prime factors of 60 + (10/u - -5)?
3, 7
Let z(g) = -g**2 + 5*g - 4. Let w be z(6). Let o be (-2)/w + (-133)/(-35). Suppose d + o = 16. What are the prime factors of d?
2, 3
Suppose -5*s + o = -407, -4*s - 68 + 394 = -o. List the prime factors of s.
3
List the prime factors of 21759/13 - 21/(-91).
2, 3, 31
Let g = 19 + -16. Suppose s - 4*j = 0, -g*s + 4*s + 4*j = 8. Suppose r = -s*y + 112, 0*y + 4*r - 70 = -2*y. What are the prime factors of y?
3
Suppose 5*k - 37 = 3*n, 0 = -3*n - 17 + 5. Suppose -3*p - 11 = -5*c, -4*c + 2 = k*p - 29. Suppose 15 = 5*d - 0*d, -3*x = c*d - 63. List the prime factors of x.
17
Suppose -2*l - 2*l + 1581 = 5*v, -4*l + 2*v = -1546. Suppose 6*n = l - 125. What are the prime factors of n?
2, 11
Let f = 11 - 9. Suppose 3*k + 145 = -f*k. What are the prime factors of -1 - 1 - (-14 + k)?
41
Let k be (-1)/((-22)/(-7) + -3). Let d(g) = -2*g - 2. Let x be d(k). Let m = -10 + x. What are the prime factors of m?
2
Let j = 10 - 8. Suppose 4*r - 4*z - 8 = 0, -j*r + 5*z = -0*r + 5. Let i = r - -5. What are the prime factors of i?
2, 5
Suppose -3878 + 1148 = -91*b. List the prime factors of b.
2, 3, 5
Let i(v) = -v**2 - 8*v + 199. What are the prime factors of i(0)?
199
What are the prime factors of (-1987)/(-9) - 2*(-5)/45?
13, 17
Let m = -371 - -461. List the prime factors of m.
2, 3, 5
Let s(y) = -y + 11. Let i be (-51)/(-15) + (-6)/15. Let l be 1 + (i - 6) - -2. What are the prime factors of s(l)?
11
Suppose 16 = 4*c - 6*c. Let p = c - -8. Suppose 6*u + p = 12. What are the prime factors of u?
2
Let s(r) = -r**2 - 8*r - 16. Let z be s(-5). What are the prime factors of z + 2/(4/382)?
2, 5, 19
Suppose 4*h = 3*h + 75. What are the prime factors of 2/(-5) + -543*(-10)/h?
2, 3
Let u(j) = -25*j**3 - j**2 - j. Let y be u(-1). Suppose 2*d + 3*d = -y. What are the prime factors of (-1)/d - 34/(-5)?
7
Let n(b) = 89*b + 185. List the prime factors of n(27).
2, 647
Let d = 3045 + -828. List the prime factors of d.
3, 739
Suppose 78*c = 72*c + 216. What are the prime factors of c?
2, 3
Let n be 1*17 + (-3)/(-1). Suppose -p = 4*m - 1 + 21, -4*m = n. Suppose 2*h + p*h - 4*c = 52, 0 = -4*c. What are the prime factors of h?
2, 13
Let z(f) = -79*f**2 + 106*f**2 - 2*f + 2 + 0. Let o be z(2). Suppose 5*a = o - 6. List the prime factors of a.
2, 5
Let x be ((-266)/4)/((6/4)/(-3)). Suppose x + 159 = 2*z. List the prime factors of z.
2, 73
Let d = -13 + 13. Let s(g) = g + 2. Let a be s(d). Suppose 3*q - 16 = a*q. What are the prime factors of q?
2
Let r(x) = -66*x + 49. What are the prime factors of r(-5)?
379
Let g(d) = 1753*d**2 + 7*d - 4. List the prime factors of g(1).
2, 439
Let g = 17 - -18. Suppose 0 = m - 0*m - g. List the prime factors of m.
5, 7
Suppose 3*g - 20 = -2*g. Let w = -9 + 85. Suppose 0 = l + u - 5*u - w, -g*l + 304 = -u. List the prime factors of l.
2, 19
Suppose -95*r = -92*r + 3. What are the prime factors of (0 - r)*118*2?
2, 59
What are the prime factors of 1 + 3 + (1345 - 1)?
2, 337
Suppose 5*m + 103 = z, 0 = 3*z - 0*z - 9. Let q(b) = b**2 + 16*b + 20. What are the prime factors of q(m)?
2, 5
Suppose a + 204 = 4*n, -2*n + a + 96 = 2*a. What are the prime factors of n?
2, 5
Suppose -l + 5*l - 778 = -2*n, 4*l + 16 = 0. List the prime factors of n.
397
Let h = 1840 + -1209. What are the prime factors of h?
631
Suppose -3*z - 5 = t + 8, 0 = 3*t - 5*z + 11. Let d = t - -5. What are the prime factors of (-65)/(-10)*(-4)/d?
13
Let g(s) = s**2 + s. Let n(o) = -3*o**2 - 16*o + 4. Let h(a) = -4*g(a) - n(a). Let p = 85 - 74. List the prime factors of h(p).
7
Let y = 63 - 35. Suppose 0*k + 5*k = -75. Let x = k + y. List the prime factors of x.
13
Suppose 3*f = 2*f + 2*y + 2107, 2*f - 3*y - 4217 = 0. What are the prime factors of f?
2113
Suppose 2*n + 20 = 6*n. Suppose -2*k = -n*f + 17, 16 = -2*k + k + 4*f. Let h(x) = x**3 - 3*x**2 + 2. What are the prime factors of h(k)?
2, 3
Let b = -4 + 7. Suppose -4*o = -2*g + 188, 6*g - 285 = b*g + 5*o. Suppose 0*u = -5*u + g. List the prime factors of u.
2, 5
Suppose -4*w + 4686 = 5*l, 9*w = 12*w + 3. List the prime factors of l.
2, 7, 67
List the prime factors of 758*(-3 - (-4 + 1) - -1).
2, 379
Let g(s) = -s**3 + 2. Let q be g(0). Suppose 3 = -5*u + q*z - 1, 5*z + 23 = -4*u. Let j(y) = -7*y - 1. List the prime factors of j(u).
13
Suppose 3*w + 4 = 5*w. Let r(o) be the third derivative of o**6/120 - o**3/6 + 10*o**2. What are the prime factors of r(w)?
7
Suppose -17*i + 22*i - 7890 = 0. List the prime factors of i.
2, 3, 263
Let z = -1038 + 1924. What are the prime factors of z?
2, 443
Let w = -4 - -6. Suppose -6*i + 3*i + 3*n = 36, 3*i = w*n - 33. What are the prime factors of (21/i)/(4/(-60))?
5, 7
Let r(o) be the third derivative of -o**4/6 - 17*o**3/6 - o**2. Let n be r(10). List the prime factors of n/(-6) - (-1)/(-2).
3
Let o = -543 - -1223. What are the prime factors of o?
2, 5, 17
Let s(v) = 4*v - 21. Let r be s(6). Suppose 4*l - 88 - 148 = r*m, -4*l + 228 = -m. List the prime factors of l.
2, 7
Let u = 3109 - 1306. List the prime factors of u.
3, 601
Let q = 18 - 16. Suppose i = -q + 5. Suppose 4*v - 84 = 3*a + 95, -5*v = -i*a - 223. What are the prime factors of v?
2, 11
Let g be (-1)/(-1)*-3 - -6. Suppose 5*v = -g*v + 816. What are the prime factors of v?
2, 3, 17
Let w(c) = -c + 5. Let y be w(3). Let k(g) = -3*g + g**y + 5*g + 3*g. List the prime factors of k(-8).
2, 3
List the prime factors of (-27)/(-36) - 10/(-8).
2
Let k(n) = 17*n**2 + n + 4. Let v(a)